{"id":95,"date":"2022-11-04T10:32:08","date_gmt":"2022-11-04T09:32:08","guid":{"rendered":"http:\/\/tischlerei-herzog.de\/wordpress\/?page_id=95"},"modified":"2022-11-04T10:32:18","modified_gmt":"2022-11-04T09:32:18","slug":"ornamentglaeser","status":"publish","type":"page","link":"http:\/\/tischlerei-herzog.de\/wordpress\/moebel\/ornamentglaeser\/","title":{"rendered":"Ornamentgl\u00e4ser"},"content":{"rendered":"<p>Verglasungen sind bei einem repr\u00e4sentativen M\u00f6bel ein wichtiges Gestaltungselement. Durch Glast\u00fcren k\u00f6nnen M\u00f6belfronten ein angenehmes Wechselspiel erhalten, wertvolle Gegenst\u00e4nde sind gut sichtbar zu zeigen, gleichzeitig ist ein Schutz vor Zugriff und Umwelteinfl\u00fcssen m\u00f6glich. F\u00fcr B\u00fccher oder andere Gegenst\u00e4nde ist so eine \u00fcbersichtliche und gesch\u00fctzte Archivierung gesichert.<\/p>\n<p>Klassische Glast\u00fcren sind in Rahmen gefa\u00dft, modernen M\u00f6bel stehen rahmenlose T\u00fcren sehr gut. Soll der Schrankinhalt gut erkennbar sein, sind helle, glatte Scheiben gefordert. Zum &#8222;Verstecken&#8220; des Schrankinhaltes eigen sich besonders dunkle, stark strukturierte Scheiben, hier ist der Zweck der Glast\u00fcren die Auflockerung der Schr\u00e4nke.<\/p>\n<p>Im Folgenden sehen Sie die Standardauswahl der Ornamentgl\u00e4ser, andere farbige Gl\u00e4ser sind auf Wunsch lieferbar.<\/p>\n","protected":false},"excerpt":{"rendered":"<p>Verglasungen sind bei einem repr\u00e4sentativen M\u00f6bel ein wichtiges Gestaltungselement. Durch Glast\u00fcren k\u00f6nnen M\u00f6belfronten ein angenehmes Wechselspiel erhalten, wertvolle Gegenst\u00e4nde sind gut sichtbar zu zeigen, gleichzeitig ist ein Schutz vor Zugriff und Umwelteinfl\u00fcssen m\u00f6glich. F\u00fcr B\u00fccher oder andere Gegenst\u00e4nde ist so eine \u00fcbersichtliche und gesch\u00fctzte Archivierung gesichert. Klassische Glast\u00fcren sind in Rahmen gefa\u00dft, modernen M\u00f6bel stehen [&hellip;]<\/p>\n","protected":false},"author":1,"featured_media":0,"parent":8,"menu_order":0,"comment_status":"closed","ping_status":"closed","template":"","meta":{"footnotes":""},"class_list":["post-95","page","type-page","status-publish","hentry","content-columns-1"],"_links":{"self":[{"href":"http:\/\/tischlerei-herzog.de\/wordpress\/wp-json\/wp\/v2\/pages\/95","targetHints":{"allow":["GET"]}}],"collection":[{"href":"http:\/\/tischlerei-herzog.de\/wordpress\/wp-json\/wp\/v2\/pages"}],"about":[{"href":"http:\/\/tischlerei-herzog.de\/wordpress\/wp-json\/wp\/v2\/types\/page"}],"author":[{"embeddable":true,"href":"http:\/\/tischlerei-herzog.de\/wordpress\/wp-json\/wp\/v2\/users\/1"}],"replies":[{"embeddable":true,"href":"http:\/\/tischlerei-herzog.de\/wordpress\/wp-json\/wp\/v2\/comments?post=95"}],"version-history":[{"count":1,"href":"http:\/\/tischlerei-herzog.de\/wordpress\/wp-json\/wp\/v2\/pages\/95\/revisions"}],"predecessor-version":[{"id":96,"href":"http:\/\/tischlerei-herzog.de\/wordpress\/wp-json\/wp\/v2\/pages\/95\/revisions\/96"}],"up":[{"embeddable":true,"href":"http:\/\/tischlerei-herzog.de\/wordpress\/wp-json\/wp\/v2\/pages\/8"}],"wp:attachment":[{"href":"http:\/\/tischlerei-herzog.de\/wordpress\/wp-json\/wp\/v2\/media?parent=95"}],"curies":[{"name":"wp","href":"https:\/\/api.w.org\/{rel}","templated":true}]}}