{"id":11,"date":"2016-01-04T20:25:48","date_gmt":"2016-01-04T19:25:48","guid":{"rendered":"http:\/\/tischlerei-herzog.de\/wordpress\/?page_id=11"},"modified":"2022-11-04T10:51:54","modified_gmt":"2022-11-04T09:51:54","slug":"kuechen","status":"publish","type":"page","link":"http:\/\/tischlerei-herzog.de\/wordpress\/kuechen\/","title":{"rendered":"K\u00fcchen"},"content":{"rendered":"<p><span style=\"font-family: Verdana, Arial, Helvetica, sans-serif; font-size: small;\">Was mu\u00df ich bei einer neuen K\u00fcche beachten ?<br \/>\n<\/span><\/p>\n<div id=\"attachment_111\" style=\"width: 310px\" class=\"wp-caption alignright\"><img loading=\"lazy\" decoding=\"async\" aria-describedby=\"caption-attachment-111\" class=\"size-medium wp-image-111\" src=\"http:\/\/tischlerei-herzog.de\/wordpress\/wp-content\/uploads\/2022\/11\/kueche_2a-300x211.jpg\" alt=\"Moderne K\u00fcche\" width=\"300\" height=\"211\" srcset=\"http:\/\/tischlerei-herzog.de\/wordpress\/wp-content\/uploads\/2022\/11\/kueche_2a-300x211.jpg 300w, http:\/\/tischlerei-herzog.de\/wordpress\/wp-content\/uploads\/2022\/11\/kueche_2a.jpg 315w\" sizes=\"auto, (max-width: 300px) 100vw, 300px\" \/><p id=\"caption-attachment-111\" class=\"wp-caption-text\">Moderne K\u00fcche<\/p><\/div>\n<p><span style=\"font-family: Verdana, Arial, Helvetica, sans-serif; font-size: small;\">Haushaltssituation<br \/>\n1.\u00a0\u00a0\u00a0Wieviele Personen sind im Haus?<br \/>\n2.\u00a0\u00a0\u00a0Gibt es einen Vorratsraum \/ Abstellkammer?<br \/>\n3.\u00a0\u00a0\u00a0Sollen Hausarbeiten in der K\u00fcche durchgef\u00fchrt werden (B\u00fcgeln, Waschen)?<br \/>\n4.\u00a0\u00a0\u00a0Werden vorhandene Ger\u00e4te weiter genutzt,<br \/>\noder k\u00f6nnen Standger\u00e4te anders wiederverwendet werden?<br \/>\n5.\u00a0\u00a0\u00a0Welche Preisvorstellungen habe ich &#8211; Kostenlimit?<br \/>\n<\/span><\/p>\n<p><span style=\"font-family: Verdana, Arial, Helvetica, sans-serif; font-size: small;\">Bauliche Gegebenheiten<br \/>\n1.\u00a0\u00a0\u00a0Neubau? &#8211; Bitte kommen Sie schon w\u00e4hrend der Bauplanung zu uns,<br \/>\nmanchmal sind 5cm f\u00fcr Ihren K\u00fcchentraum entscheidend.<br \/>\n2.\u00a0\u00a0\u00a0Ersatzbeschaffung ohne Ver\u00e4nderungen? &#8211; meist nur ein Kompromi\u00df<br \/>\n3.\u00a0\u00a0\u00a0Umbauma\u00dfnahmen sind geplant, neue Fenster, Zimmert\u00fcren, Fu\u00dfboden, Fliesen,<br \/>\n\u00c4nderung der Installation (auch Heizung &#8211; Heizk\u00f6rper sind oft st\u00f6rend, es gibt Alternativen)<br \/>\n4.\u00a0\u00a0\u00a0Wie wird der Herd Betrieben (Gas, Strom)?<br \/>\n5.\u00a0\u00a0\u00a0Kann der Dunstabzug nach Au\u00dfen oder in einen Schacht abblasen?<br \/>\n<\/span><\/p>\n<p><span style=\"font-family: Verdana, Arial, Helvetica, sans-serif; font-size: small;\">Das Wohngef\u00fchl<\/span><\/p>\n<div id=\"attachment_112\" style=\"width: 310px\" class=\"wp-caption alignright\"><img loading=\"lazy\" decoding=\"async\" aria-describedby=\"caption-attachment-112\" class=\"size-medium wp-image-112\" src=\"http:\/\/tischlerei-herzog.de\/wordpress\/wp-content\/uploads\/2022\/11\/kueche_3b-300x208.jpg\" alt=\"Kundenk\u00fcche\" width=\"300\" height=\"208\" srcset=\"http:\/\/tischlerei-herzog.de\/wordpress\/wp-content\/uploads\/2022\/11\/kueche_3b-300x208.jpg 300w, http:\/\/tischlerei-herzog.de\/wordpress\/wp-content\/uploads\/2022\/11\/kueche_3b.jpg 315w\" sizes=\"auto, (max-width: 300px) 100vw, 300px\" \/><p id=\"caption-attachment-112\" class=\"wp-caption-text\">Kundenk\u00fcche<\/p><\/div>\n<p><span style=\"font-family: Verdana, Arial, Helvetica, sans-serif; font-size: small;\"><br \/>\n1.\u00a0\u00a0\u00a0Ist die K\u00fcche ein abgeschlossener Raum, oder als Wohnk\u00fcche zu den anderen R\u00e4umen offen?<br \/>\n2.\u00a0\u00a0\u00a0Wird eine E\u00dfecke integriert? Ein Ansetztisch f\u00fcr das gem\u00fctliche Fr\u00fchst\u00fcck zu zweit?<br \/>\n3.\u00a0\u00a0\u00a0Wieviele Personen essen gemeinsam?<br \/>\n4.\u00a0\u00a0\u00a0Tr\u00e4ume ich von der rustikalen Landhausk\u00fcche?<br \/>\n5.\u00a0\u00a0\u00a0Ist die Funktionsk\u00fcche mit einer robusten Kunststofffront die richtige Wahl<br \/>\nes gibt sehr interessante Dekore.<br \/>\n6.\u00a0\u00a0\u00a0Oder trifft die Dekork\u00fcche mit einigen Farbtupfern als Blickfang meinen Geschmack?<br \/>\n7.\u00a0\u00a0\u00a0Dort eine Glast\u00fcr, oder lieber ein offenes Bord?<br \/>\n8.\u00a0\u00a0\u00a0Ein Aufsatzschrank sieht bestimmt schick aus.<br \/>\n9.\u00a0\u00a0\u00a0Der Eckkamin &#8211; ben\u00f6tigt viel Platz und sieht super aus.<br \/>\n10.\u00a0\u00a0Will ich \u00fcber dem Herd den klassischen Kamin, vielleicht eine Edelstahlesse,<br \/>\noder soll der Dunstabzug lieber unauff\u00e4llig im Schrank verschwinden?<br \/>\n11.\u00a0\u00a0Ist die hygienische Edelstahlsp\u00fchle die richtige Wahl,<br \/>\noder lieber aus stabilem Kunststoff in vielen Farbnuancen?<br \/>\n12.\u00a0\u00a0Bei Elektroger\u00e4ten stellen sich braun, wei\u00df, Edelstahl und teilweise auch Spiegel zur Wahl.<br \/>\n<\/span><\/p>\n<div id=\"attachment_110\" style=\"width: 310px\" class=\"wp-caption alignright\"><img loading=\"lazy\" decoding=\"async\" aria-describedby=\"caption-attachment-110\" class=\"wp-image-110 size-medium\" src=\"http:\/\/tischlerei-herzog.de\/wordpress\/wp-content\/uploads\/2022\/11\/kueche_8b-300x197.jpg\" alt=\"Welche Schr\u00e4nke m\u00f6chte ich?\" width=\"300\" height=\"197\" srcset=\"http:\/\/tischlerei-herzog.de\/wordpress\/wp-content\/uploads\/2022\/11\/kueche_8b-300x197.jpg 300w, http:\/\/tischlerei-herzog.de\/wordpress\/wp-content\/uploads\/2022\/11\/kueche_8b.jpg 315w\" sizes=\"auto, (max-width: 300px) 100vw, 300px\" \/><p id=\"caption-attachment-110\" class=\"wp-caption-text\">Welche Schr\u00e4nke m\u00f6chte ich?<\/p><\/div>\n<p><span style=\"font-family: Verdana, Arial, Helvetica, sans-serif; font-size: small;\">Meine W\u00fcnsche an die Schr\u00e4nke<br \/>\n1.\u00a0\u00a0\u00a0Will ich weiter in den letzten Schrankwinkel kriechen?<br \/>\n2.\u00a0\u00a0\u00a0Sind viele Schubk\u00e4sten und Ausz\u00fcge f\u00fcr Geschirr die richtige Wahl?<br \/>\n3.\u00a0\u00a0\u00a0Apotheker-Schr\u00e4nke f\u00fcr die Vorr\u00e4te &#8211; die beste L\u00f6sung.<br \/>\n4.\u00a0\u00a0\u00a0Der Platz im Eckschrank mu\u00df auch praktisch benutzbar sein.<br \/>\n5.\u00a0\u00a0\u00a0Wo verschwindet das B\u00fcgelbrett und der Besen?<br \/>\n6.\u00a0\u00a0\u00a0Brot, Brotschneidemaschine, Toaster, Wasserkocher und Kaffeeautomat &#8211; wohin damit?<br \/>\n7.\u00a0\u00a0\u00a0Ist der Abfallsammler gro\u00df genug (Trennung Bio., M\u00fcll, Papier und Gr\u00fcner Punkt)?<br \/>\n8.\u00a0\u00a0\u00a0Welche Arbeitsh\u00f6he ist f\u00fcr mich die richtige?<br \/>\n9.\u00a0\u00a0\u00a0Wie hoch sollen die Oberschr\u00e4nke sein?<br \/>\n10.\u00a0\u00a0Die Kochinsel schick nach vorn ziehen?<br \/>\n<\/span><\/p>\n<div id=\"attachment_117\" style=\"width: 310px\" class=\"wp-caption alignright\"><img loading=\"lazy\" decoding=\"async\" aria-describedby=\"caption-attachment-117\" class=\"wp-image-117 size-medium\" src=\"http:\/\/tischlerei-herzog.de\/wordpress\/wp-content\/uploads\/2022\/11\/kueche_4a-300x206.jpg\" alt=\"Welche Elektroger\u00e4te m\u00f6chte ich?\" width=\"300\" height=\"206\" srcset=\"http:\/\/tischlerei-herzog.de\/wordpress\/wp-content\/uploads\/2022\/11\/kueche_4a-300x206.jpg 300w, http:\/\/tischlerei-herzog.de\/wordpress\/wp-content\/uploads\/2022\/11\/kueche_4a.jpg 315w\" sizes=\"auto, (max-width: 300px) 100vw, 300px\" \/><p id=\"caption-attachment-117\" class=\"wp-caption-text\">Welche Elektroger\u00e4te m\u00f6chte ich?<\/p><\/div>\n<p><span style=\"font-family: Verdana, Arial, Helvetica, sans-serif; font-size: small;\">Die Elektroger\u00e4te<br \/>\n1.\u00a0\u00a0\u00a0K\u00fchl- und Gefrierschrank sollten reichlich, aber nicht zu gro\u00df sein.<br \/>\n2.\u00a0\u00a0\u00a0Man kann Kochfl\u00e4che und R\u00f6hre r\u00e4umlich trennen. Soll der Backofen in den Hochschrank?<br \/>\nFrau spart das B\u00fccken, ist aber nicht ganz ungef\u00e4hrlich. Lieber einen praktischen Backauszug.<br \/>\n3.\u00a0\u00a0\u00a0Wie hoch sind die Anspr\u00fcche meiner Kochk\u00fcnste? Brauche ich getrennte Ober- Unterhitze,<br \/>\nGrill und Hei\u00dfluft sowieso (Hier ist die echte Hei\u00dfluft mittels Ringheizk\u00f6rper gemeint).<br \/>\n4.\u00a0\u00a0\u00a0Kann der Herd leicht gereinigt werden?<br \/>\nEs gibt auch f\u00fcr den Wrasen des Backofens Katalysatoren.<br \/>\n5.\u00a0\u00a0\u00a0Wie koche ich, wie Profis mit Gas<br \/>\n(genaueste und reaktionsschnellste Regelung &#8211; keine Restw\u00e4rme) oder lieber elektrisch?<br \/>\n6.\u00a0\u00a0\u00a0Bei elektrisch beheizten Kochfl\u00e4chen sollte Glaskeramik mit Restw\u00e4rmeanzeige<br \/>\nals Standart angesehen werden.<br \/>\n7.\u00a0\u00a0\u00a0Was nutzen Topferkennung, zuschaltbare Heizzonen oder Induktionstechnik?<br \/>\n8.\u00a0\u00a0\u00a0F\u00fcr die Flinken ist ein Mikrowelle das Highligth. Mit Grill und Crisp wird jede Pizza braun.<br \/>\n9.\u00a0\u00a0\u00a0Warum rechnen? &#8211; die schlaue Mikrowelle hat Gewichtsautomatik<br \/>\nund merkt sich h\u00e4ufig genutzte Programme.<br \/>\n10.\u00a0\u00a0Platzsparen mit einer Mikrowellen- Dunstabzugskombination?<br \/>\n11.\u00a0\u00a0Pa\u00dft all der Abwasch in den Geschirrsp\u00fcler &#8211; es reicht sogar ein kleiner?<br \/>\n12.\u00a0\u00a0Neueste Technik mit Trockensystem und flexiblem Innenraum ist die Voraussetzung<br \/>\nf\u00fcr geringen Verbrauch und optimalen Nutzen.<br \/>\n13.\u00a0\u00a0PC-Updatefunktion bietet Investitionsschutz in der Zukunft.<br \/>\n<\/span><\/p>\n<p><span style=\"font-family: Verdana, Arial, Helvetica, sans-serif; font-size: small;\">Der Abwasch<\/span><\/p>\n<div id=\"attachment_115\" style=\"width: 218px\" class=\"wp-caption alignright\"><img loading=\"lazy\" decoding=\"async\" aria-describedby=\"caption-attachment-115\" class=\"size-medium wp-image-115\" src=\"http:\/\/tischlerei-herzog.de\/wordpress\/wp-content\/uploads\/2022\/11\/kueche_7a-208x300.jpg\" alt=\"H\u00f6hergesetzter Geschirrsp\u00fcler\" width=\"208\" height=\"300\" srcset=\"http:\/\/tischlerei-herzog.de\/wordpress\/wp-content\/uploads\/2022\/11\/kueche_7a-208x300.jpg 208w, http:\/\/tischlerei-herzog.de\/wordpress\/wp-content\/uploads\/2022\/11\/kueche_7a.jpg 218w\" sizes=\"auto, (max-width: 208px) 100vw, 208px\" \/><p id=\"caption-attachment-115\" class=\"wp-caption-text\">H\u00f6hergesetzter Geschirrsp\u00fcler<\/p><\/div>\n<p><span style=\"font-family: Verdana, Arial, Helvetica, sans-serif; font-size: small;\"><br \/>\n1.\u00a0\u00a0\u00a0Zum Geschirrsp\u00fcler siehe oben<br \/>\n2.\u00a0\u00a0\u00a0Den Geschirrsp\u00fcler h\u00f6her setzen erspart l\u00e4stiges B\u00fccken.<br \/>\n3.\u00a0\u00a0\u00a0Die richtige Sp\u00fcle in der richtigen Gr\u00f6\u00dfe &#8211; eine schwere Entscheidung.<br \/>\n4.\u00a0\u00a0\u00a0Was geh\u00f6rt alles dazu? &#8211; ein Becken, Doppelbecken, ein kleines f\u00fcr Gem\u00fcse,<br \/>\nAblaufgarnitur mit Drehexcenter, Geschirrkorb, Schneidebrett, Durchwurf zum Abfallsammler.<br \/>\n5.\u00a0\u00a0\u00a0Drunter den Putzmittelauszug?<br \/>\n<\/span><\/p>\n<p><span style=\"font-family: Verdana, Arial, Helvetica, sans-serif; font-size: small;\">Die oben aufgef\u00fchrten Stichpunkte sind f\u00fcr die sp\u00e4tere lange Freude an Ihrer K\u00fcche ausschlaggebend. Planen Sie einen K\u00fcchenkauf langfristig und gr\u00fcndlich. Mit starken und vielseitigen Partnern als Zulieferer k\u00f6nnen wir optimale L\u00f6sungen auch f\u00fcr kleinste R\u00e4ume Anbieten.<\/span><\/p>\n","protected":false},"excerpt":{"rendered":"<p>Was mu\u00df ich bei einer neuen K\u00fcche beachten ? Haushaltssituation 1.\u00a0\u00a0\u00a0Wieviele Personen sind im Haus? 2.\u00a0\u00a0\u00a0Gibt es einen Vorratsraum \/ Abstellkammer? 3.\u00a0\u00a0\u00a0Sollen Hausarbeiten in der K\u00fcche durchgef\u00fchrt werden (B\u00fcgeln, Waschen)? 4.\u00a0\u00a0\u00a0Werden vorhandene Ger\u00e4te weiter genutzt, oder k\u00f6nnen Standger\u00e4te anders wiederverwendet werden? 5.\u00a0\u00a0\u00a0Welche Preisvorstellungen habe ich &#8211; Kostenlimit? Bauliche Gegebenheiten 1.\u00a0\u00a0\u00a0Neubau? &#8211; Bitte kommen Sie schon [&hellip;]<\/p>\n","protected":false},"author":1,"featured_media":0,"parent":0,"menu_order":0,"comment_status":"closed","ping_status":"closed","template":"","meta":{"footnotes":""},"class_list":["post-11","page","type-page","status-publish","hentry","content-columns-1"],"_links":{"self":[{"href":"http:\/\/tischlerei-herzog.de\/wordpress\/wp-json\/wp\/v2\/pages\/11","targetHints":{"allow":["GET"]}}],"collection":[{"href":"http:\/\/tischlerei-herzog.de\/wordpress\/wp-json\/wp\/v2\/pages"}],"about":[{"href":"http:\/\/tischlerei-herzog.de\/wordpress\/wp-json\/wp\/v2\/types\/page"}],"author":[{"embeddable":true,"href":"http:\/\/tischlerei-herzog.de\/wordpress\/wp-json\/wp\/v2\/users\/1"}],"replies":[{"embeddable":true,"href":"http:\/\/tischlerei-herzog.de\/wordpress\/wp-json\/wp\/v2\/comments?post=11"}],"version-history":[{"count":6,"href":"http:\/\/tischlerei-herzog.de\/wordpress\/wp-json\/wp\/v2\/pages\/11\/revisions"}],"predecessor-version":[{"id":120,"href":"http:\/\/tischlerei-herzog.de\/wordpress\/wp-json\/wp\/v2\/pages\/11\/revisions\/120"}],"wp:attachment":[{"href":"http:\/\/tischlerei-herzog.de\/wordpress\/wp-json\/wp\/v2\/media?parent=11"}],"curies":[{"name":"wp","href":"https:\/\/api.w.org\/{rel}","templated":true}]}}